+ 4*b + z = 0. Suppose -5*j = 5*i - 15, j - 10 = i - f. List the prime factors of j.
2, 3
Let l(u) = u**2 - u + 2. Suppose f = 4*c - 4, 0*c + 3*c = -2*f + 14. Let q(s) = -s**2 - s + 13. Let x be q(f). What are the prime factors of l(x)?
2, 29
Let s(w) = w**3 + 16*w**2 + 4*w - 35. What are the prime factors of s(-15)?
2, 5, 13
Suppose 5*a + 9 = -2*g - 19, 5*a + 8 = 3*g. What are the prime factors of (2/4*g)/((-6)/525)?
5, 7
Let j be -2 - (-5)/((-5)/2). Let p be -2*j/(-16)*0. Suppose -5*i + 33 = 2*r - p, 2*r - i = 51. What are the prime factors of r?
2, 3
Let c(l) = 36*l - 12. Let s be c(12). Suppose 2*r = -5*r + s. List the prime factors of r.
2, 3, 5
Let r be (-3)/(-2) + (-35)/14. List the prime factors of (-16 + 110)/(-1*r/2).
2, 47
Suppose p - 15 = c + 9, 0 = 4*c. Let f = p + 99. What are the prime factors of f?
3, 41
Let b = 22 + -18. Suppose 64 = b*i - 76. List the prime factors of i.
5, 7
Let h = -2 + 7. Suppose 2*v + 3*v = 25. Suppose -h*p - 108 = -4*w - p, -5*w - v*p + 105 = 0. List the prime factors of w.
2, 3
Let l(d) = 2*d + 18. Let k be l(-8). Suppose -h - 2*m + 22 = m, 0 = h - 5*m + k. What are the prime factors of h?
13
Suppose 0*a + a = 2. Suppose -5*g + 4*z = -279, 5*g - a*z - 167 = 110. List the prime factors of g.
5, 11
Let f(y) = -3*y + 65. Let j be f(11). Let s(q) = -q**3 - 4*q**2 - q. Let l be s(-3). Let u = j + l. List the prime factors of u.
2, 13
Suppose -2*o + 1574 = 3*a, 3*o - 207 = -2*a + 2164. List the prime factors of o.
13, 61
Let x(n) be the first derivative of n**4/2 + 14*n**3/3 - 5*n**2 + 3*n - 25. What are the prime factors of x(-7)?
73
Suppose 6*p - 1230 = -102. What are the prime factors of 4/(16/p) - (0 + -1)?
2, 3
Let o be (0 + -2 + 0)*-7. List the prime factors of o/49 + (-192)/(-14).
2, 7
Let i be (-7)/((-14)/8) - 4. Suppose -5*z + 5*d + 360 = i, 4*z - 3*z = 4*d + 75. List the prime factors of z.
71
Suppose 36 = 2*j + 4*u, 7*j + 2*u = 3*j + 90. Let d = j - -5. What are the prime factors of d?
29
What are the prime factors of (-3)/1*(32058/(-27) - -12)?
2, 41, 43
Let m be 40/((-12)/(-3)) - 3. Suppose m*y = -0*y + 385. List the prime factors of y.
5, 11
Suppose 64*j - 68*j + 4 = 0. List the prime factors of -1*(7 + -248) - 3*j.
2, 7, 17
Suppose -3*f + 2*i + 744 = -233, f = -5*i + 303. What are the prime factors of f?
17, 19
Suppose -68279 + 24499 = -22*d. List the prime factors of d.
2, 5, 199
List the prime factors of -43*(18/(-3))/1.
2, 3, 43
Let t(z) = 5*z. Let b be t(-1). Let n be 1 - -5 - (-20)/b. List the prime factors of ((-37)/(-4))/(n/8).
37
Let p = -865 - -1254. List the prime factors of p.
389
Suppose 0 = x + 80 - 100. List the prime factors of (-39)/(-15) + -3 - (-3148)/x.
157
Suppose -4*i + m + 4*m + 160 = 0, 0 = -5*m. Let y = i + -36. List the prime factors of y.
2
Let m(i) = 2*i - 13. Let o be m(9). Suppose -361 = -o*k + 9. What are the prime factors of k?
2, 37
Let s(l) be the second derivative of -l**4/12 + 2*l**3 - 3*l**2/2 - l. Suppose 16 = 4*k - 24. List the prime factors of s(k).
17
Let g(y) = -1032*y + 10. List the prime factors of g(-1).
2, 521
Suppose 5*k = -3*h + 59, 0 = k + 5*h - 8 - 17. Let m(r) = r**2 - 8*r - 13. Let g be m(k). Suppose -2*t = 6, 36 = o - 2*t + g. What are the prime factors of o?
23
Let s(m) be the second derivative of m**4/12 - m**3/3 + 19*m**2/2 + 8*m. Suppose 20 = x - 4*f, 2*f - f = -5. What are the prime factors of s(x)?
19
Let d(q) be the third derivative of q**5/30 + q**4/12 + 11*q**3/6 + 2*q**2. Let n be d(10). What are the prime factors of n/14*2/3?
11
Let w(a) = a + 6. Let h(z) = -2*z - 12. Let l(b) = -6*h(b) - 11*w(b). Let x be l(6). Suppose -m + 5*q - 14 = 0, 5*m - 42 = 5*q - x. List the prime factors of m.
11
Suppose 84 - 12 = 4*g. Let p = g - -16. List the prime factors of p.
2, 17
Suppose 0 = 116*d - 31*d - 404090. What are the prime factors of d?
2, 2377
Suppose 3*b + z + 8 = b, 4*b + 5*z + 4 = 0. List the prime factors of ((-2)/((-12)/57))/((-1)/b).
3, 19
Let v(x) = 343*x + 366. What are the prime factors of v(6)?
2, 3, 101
Suppose 0 = -2*b - 3 + 5. Let j(w) = 10*w**2. Let t be j(b). What are the prime factors of 98/5 + (-6)/t?
19
Let i be 6 - (-5 + (-2 - -5)). Suppose 3*w + 285 = i*w. What are the prime factors of w?
3, 19
Let s = -48 + 42. What are the prime factors of (130/30)/((-2)/s)?
13
List the prime factors of (-7 + -481)*(-7 + 6).
2, 61
Suppose -t + 2*n = -2737, 3*t - 13194 = -2*n - 5023. What are the prime factors of t?
3, 101
Suppose 0 = 3*c - 12, 3*y - 626 = -2*c - 54. What are the prime factors of y?
2, 47
Let x = -15 - -14. Let z be -1 - (0 - x/1). What are the prime factors of z*(12/1)/(-1)?
2, 3
Suppose -5*j - 471 + 1355 = 4*o, 2*j - 3*o - 372 = 0. What are the prime factors of j?
2, 3, 5
Let g(i) = -i**3 - 20*i**2 - 23*i - 66. Let j be g(-19). Suppose -9*b + j*b - 384 = -2*l, -8 = -2*b. What are the prime factors of l?
2, 5, 19
What are the prime factors of (4381/(-455) - (-9)/21)*-40?
2, 23
Suppose -5*m + 3607 = z, -5*m - 41*z = -38*z - 3601. What are the prime factors of m?
2, 19
Let p = 53 + -34. Let i = p - -12. List the prime factors of i.
31
What are the prime factors of (-6)/(-4) - (-22066)/44?
503
Let s(w) be the first derivative of 1 - 4*w**2 + 1/3*w**3 + 0*w. List the prime factors of s(9).
3
Let d(q) = 2*q + 7. Suppose 4*l + 4*m = 40, 0*m - 5 = -2*l + m. Let p be d(l). Suppose 13*w = p*w - 64. What are the prime factors of w?
2
Let d = -3 - -21. Suppose -d - 34 = -2*h. List the prime factors of h + 2 + -4 + 4.
2, 7
Let n = -36 - -40. Suppose a - 2 = n. What are the prime factors of a?
2, 3
Let f be (2/(-5))/(2/(-2560)). Suppose -o + 3*o = f. Suppose 0 = -5*b - m + 328, 0*m = 4*b + 4*m - o. What are the prime factors of b?
2, 3, 11
Let r be ((-5)/(-10))/(3/12). Suppose r*u + 12 = 42. What are the prime factors of (-2)/3 - (-535)/u?
5, 7
Let u = -522 - -737. Suppose -6*d = -u - 283. What are the prime factors of d?
83
Let v be 29/9 + 12/(-54). Suppose -v*a + o + 13 = -27, 55 = 4*a - 3*o. What are the prime factors of a?
13
Let g(v) = 1948*v**3 - 5*v**2 + v. List the prime factors of g(1).
2, 3
Let i be (43 - -2)/(-4 - -3). Let w be (i/(-6))/(4/(-8)). Let k = w + 26. List the prime factors of k.
11
Let u = -677 - -999. List the prime factors of u.
2, 7, 23
Suppose j + 0*j = 3*i + 14, 0 = 4*j + 4*i + 8. Suppose j*g = -x + 2 + 12, 0 = g - 5*x + 15. What are the prime factors of (-33 + g + -3)/(-1)?
31
Let u(h) = 8*h**2 + 30*h - 357. List the prime factors of u(18).
3, 5, 37
Suppose -533 = 10*t + 3*t. Let i = 148 + t. List the prime factors of i.
107
Suppose -4*r + 16 = 4*r. Suppose -165 = -3*a + 3*j, -152 = -3*a + r*j + 11. List the prime factors of a.
53
Suppose 0 = -38*o + 32*o + 12. Suppose 0 = c + 2*q - 9, 0 = q - 4 - 1. List the prime factors of o*(c - -22)/3.
2, 7
Let l(r) = 13*r**2 + 3*r - 2. Suppose 0 = h, -2*y - 2*h - 15 = 3*y. Let g be 2 + (0 - y - 4). What are the prime factors of l(g)?
2, 7
Let c(w) = -137*w + 32. List the prime factors of c(-2).
2, 3, 17
Let r(a) = 3*a**3 + a**2 + 5*a - 67. List the prime factors of r(7).
2, 523
Let d = 396 + -114. List the prime factors of d.
2, 3, 47
Let h be 3/(-4) - (-78)/8. What are the prime factors of 570/4*12/h?
2, 5, 19
Suppose -m - 10*m + 7029 = 0. List the prime factors of m.
3, 71
Let k = -1733 - -3911. What are the prime factors of k?
2, 3, 11
Let t(v) = 18*v - 53. What are the prime factors of t(9)?
109
Let z(d) = 53*d + 79. Let n be z(-11). Let j = 735 + n. List the prime factors of j.
3, 7, 11
Suppose 0 = 2*u + 4*d - 11 + 1, u + 5*d - 17 = 0. List the prime factors of (-4)/u + (-286)/(-6).
7
Let q(m) = -13*m - 222. What are the prime factors of q(-24)?
2, 3, 5
Let s(r) = 20*r + 23 - 31*r + 2. List the prime factors of s(-7).
2, 3, 17
Suppose -5*n + 2*u = -4*n - 1265, 0 = -4*n - u + 5087. List the prime factors of n.
31, 41
Let d(i) be the second derivative of i**4/4 - i**3/2 - 3*i**2 - 3*i. List the prime factors of d(4).
2, 3, 5
Let a = -28 - -56. Suppose -4*j + 44 = -a. List the prime factors of j.
2, 3
Let c = -825 - -1606. Suppose 4*m = 5*l - 0*l + c, -2*m - l = -387. Suppose 5*f - 6 = m. What are the prime factors of f?
2, 5
Let s(m) = 11 - 5*m - 4 + 6*m + 6*m. Suppose 3*g - 5*g = 5*c + 14, 2*g + 2 = -2*c. What are the prime factors of s(g)?
2, 7
What ar